 Suppose y = 4*l + 14, -y + 3*l + s = y. Let h(c) = -c**3 - 7*c**2 - 4*c + 8. Give h(y).
-4
Let s be 4 - 1 - (-3 - (1 + -4)). Let j(b) be the first derivative of 11 + 4*b + 1/3*b**3 - 2*b**2. Give j(s).
1
Let w = 89 - 88. Suppose 0 = g - 5*x - 12, -2*g + 2 = g + 2*x. Let p(l) = -2*l**g + 126*l - 126*l. Give p(w).
-2
Let j(b) = -b + 17. Let u be 1568/(-294)*3/(-4). Calculate j(u).
13
Suppose 4*k - 5*f = 3 - 1, k - 3*f + 3 = 0. Let l(v) = -v**2 - 6*v**2 + 2807 - v**k - 2811. Give l(-7).
-4
Suppose -11*q + 9*q + 10 = 0. Suppose q*d = -3*b - 1, -2*b + 4*d + 14 = -0*b. Let p(w) = -3 - 10*w + 5*w + 7*w**2 + 2*w - 1 - w**b. Calculate p(6).
14
Suppose -i - 4*b + 119 = 0, 4*b + 3 + 124 = i. Let d = 123 - i. Let k(z) = -z**3 + z**2 - 20. Determine k(d).
-20
Let g(x) = -12*x + 70. Let w be ((-24)/(-42) + (1 - 69/84))*8. Give g(w).
-2
Let g(b) = 6*b + 114. Let v be ((-19)/4)/(1/4). What is g(v)?
0
Let b(g) be the third derivative of g**6/40 + g**5/15 + g**4/12 + g**3/3 - 2*g**2 - 1436*g - 1. Let q be (0 + 1 + 2)*-1. What is b(q)?
-49
Suppose 5*t - 5 + 14 = -4*p, -3*t - 7 = 2*p. Suppose -5 = -d - 3. Let f(a) = -7 + 3*a**2 + a**3 - 7*a + a**2 + d*a. What is f(t)?
-7
Let j(l) = 2*l**3 - 2*l**2 + 2*l + 3. Suppose 103 - 43 = -6*r. Let d be 4/(-5)*r/(-4). What is j(d)?
-25
Let x(s) = 19*s**2 - 36*s - 67. Let b be x(-2). Let j(u) = -102*u - 12 - 84*u**2 + 88*u + b*u**2. Determine j(-5).
-17
Let r(d) be the second derivative of 7*d**3/2 + 11*d**2/2 - 439*d - 1. Determine r(6).
137
Let y(n) = 144*n - 27 + 160*n + 0*n**2 - 5*n**2 - 203*n. Determine y(20).
-7
Let n(m) = -3*m**2 + 56*m - 35. Suppose -108 = 119*v - 125*v. Give n(v).
1
Suppose -60*x + 42*x = -4554. Let v(y) = x*y**2 + y**3 - 6*y + 3*y - 248*y**2 + 8. Determine v(-6).
-10
Let q(i) = 16*i**3 + 3*i**2 + 25*i + 23. Let w be q(-1). Let o(v) = 2*v**2 + 29*v - 15. What is o(w)?
0
Let n(k) = 17*k**3 - k**2. Let d(c) be the second derivative of -7/6*c**3 - 7/12*c**4 - 7/2*c**2 + 0 + 1/20*c**5 - 34*c. Let i be d(8). What is n(i)?
16
Let b be ((-6)/4)/((-13)/(-16) - 1). Let z(u) = 4*u**2 + 1. Let d(v) = 11*v**2 - v + 2. Let i(t) = b*z(t) - 3*d(t). Let f = -14 + 19. Calculate i(f).
-8
Let y be (-858)/13*(-5)/(-30). Let p(k) = -20*k**2 - 221*k + 2. Determine p(y).
13
Let w(r) be the first derivative of -r**2 - r + 53. Let d = -29 + 30. Give w(d).
-3
Suppose -133 + 25 = -9*z. Suppose -3*r + 2*r = -1. Suppose 0 = 3*f - 4*l + z, 0 = f + l + 5 - r. Let y(o) = o. Give y(f).
-4
Let i(x) be the third derivative of 7*x**4/24 + x**2. Suppose -3*s - 5*l + 650 = -283, 3*l + 1555 = 5*s. Let p = s + -312. Determine i(p).
-7
Let p(y) = -y**3 + 3*y**2 + 5*y - 4. Let c = 73 + -29. Suppose -5*x = -7*x + c. Suppose 26*n - 16 = x*n. Give p(n).
0
Let h be (-1*(3 - 3))/(-1). Suppose 4*u + 4*s + h*s = 4, -9 = u - s. Let o(q) be the first derivative of q**2 + q + 112. Give o(u).
-7
Suppose 5*w - 2*b = -11, -9*b + 6*b = 2*w - 7. Let g(c) = 51*c**3 + 3*c**2 - 1. Determine g(w).
-49
Let j be -78 - (2 + -3 + 4). Let k = -33 - j. Suppose -24 = 52*o - k*o. Let l(i) = i**3 + 5*i**2 - 7*i - 9. Calculate l(o).
-3
Let i be (1 + -4)/9*9. Let n(d) = 8*d - 7. Let j(h) = -13*h + 10. Let a = 12 + -4. Let x(f) = a*n(f) + 5*j(f). Determine x(i).
-3
Let b(w) = -3*w**2 - w - 3. Let n(a) = -a**2 - 9*a + 3. Let o(x) = -b(x) + n(x). Determine o(5).
16
Let o(z) be the second derivative of 11*z**3/6 - 118*z**2 + 2662*z. What is o(22)?
6
Let u(j) = -6 + 14 + 73*j + 3*j**2 - 42*j - 32*j + j**3. Determine u(0).
8
Let j(x) be the first derivative of x**4/4 + 10*x**3/3 + 7*x**2/2 + 11*x - 475. Determine j(-9).
29
Suppose t + 71 = 3*u, 7*t + 109 = 5*u + 3*t. Suppose u = 6*s - s. Let n(o) be the second derivative of -o**4/12 + 5*o**3/6 - 2*o**2 + o. Determine n(s).
-4
Let a(w) = 84 - 14*w - 40 - 39. Let s(p) = 9*p - 4. Let u(k) = -8*k + 4. Let o(r) = -5*s(r) - 4*u(r). Let d(t) = -4*a(t) + 5*o(t). Determine d(-1).
9
Suppose -376 = 51*h - 70. Let t be h/9 + 2/(-6). Let y(m) = -10*m. Determine y(t).
10
Suppose -3*o + 6*o = -12. Let u(r) = 3*r**3 + 20*r**2 + 12*r + 7. Let c be u(-6). Let m(l) = 4 + l**3 + 5*l**2 + c*l - 3*l + 0*l. Determine m(o).
4
Let h(g) = -126*g + 14720. Let y be h(117). Let o(z) = -z**3 - 20*z**2 + 46*z + 45. Calculate o(y).
1
Let d be ((-50)/(-5))/(-2 - -4). Suppose -d = -5*w + 10. Let i(z) = -153*z**3 + 3 + 2*z**2 + 155*z**w - 4 + 2 + 2*z. Calculate i(-2).
-11
Let d(a) = a**2 - 12*a + 33. Let x be ((-40)/(-3))/(-10)*-3. What is d(x)?
1
Suppose 3*l + 10 + 8 = 0. Let x = l - -13. Let w(r) be the third derivative of -r**6/120 + 2*r**5/15 - 5*r**4/12 + 3*r**3/2 - 274*r**2. Calculate w(x).
-12
Let o(t) = -45*t - 125*t - 47*t - 4 + t**3 - 6*t**2 + 261*t - 46*t. Suppose -4*j - 2*d - 2*d = -40, -47 = -5*j - 4*d. What is o(j)?
31
Let y(g) = 3*g**2 + 307*g + 115. Let h be y(-102). Let o(r) = 2*r**2 - 28*r + 44. Determine o(h).
18
Let c(u) = -u**3 - 75*u**2 - 2*u - 152. Let f be c(-75). Let w(s) = -3*s**3 + s**2 - s - 4. Calculate w(f).
26
Let r(p) = 4*p - 60 + 81 - 6*p. Let v = -1187 + 1199. Give r(v).
-3
Let t(g) = -g**3 + 5*g**2 - 3*g - 10. Let a = -75 - -79. Determine t(a).
-6
Let o be (0/(1 + -4))/(-2). Let a(z) = o*z**3 - 38 - z + z**3 + 37 + 0*z. Let v = -93 - -92. Determine a(v).
-1
Let n(d) = -4*d + 2. Let o(b) = -b**2 + 1. Let l be o(-4). Let p(f) = f + 15. Let v be p(l). Suppose v = -3*w - 5*m - 5, -3*w = -6*m + 3*m - 27. Give n(w).
-18
Let h(w) = -w**2 - 12*w + 13. Suppose -4*m = -4*p + 65 - 21, -2*m - 22 = 5*p. What is h(m)?
24
Let h(w) be the second derivative of w**4/12 - 2*w**3/3 - 9*w**2 + 4*w + 47. Determine h(9).
27
Let i(t) = 8*t - 13*t + 600*t**2 + 2 + 4*t. Let n be i(1). Let j(h) = n*h + 3 + h**2 - 606*h + 1. What is j(7)?
18
Let h(b) = -4*b + 12. Suppose 0 = -5*y + 5*m + 5, -279 = 3*y + 2*m - 257. Give h(y).
28
Let z(x) = -x**3 - 3*x**2 + 3*x - 4. Let l = -13 - -57. Suppose y - l = -2*y - q, -4*y + 57 = q. Let r = y + -16. Give z(r).
-13
Let v(n) = 221*n + 84. Let h(f) = 26*f - 1. Let y(d) = 18*h(d) - 2*v(d). Give y(7).
-4
Suppose 3*w = 5*d - 39, 6 = 2*w + 5*d - 43. Let q(p) be the third derivative of 3/20*p**5 - 1/6*p**3 + 1/24*p**4 + 0*p + 0 + 30*p**w. Calculate q(1).
9
Let z(j) be the first derivative of 13 + 0*j + 0*j**2 - 5*j**3 + 1/12*j**4 - 1/60*j**5. Let u(p) be the third derivative of z(p). What is u(-5)?
12
Let w(f) be the first derivative of -f**3/3 - 4*f**2 - 6*f + 15. Let i be w(-6). Let h(t) = t - 2. Calculate h(i).
4
Let j(x) = -x**2 - 13*x - 10. Let h be j(-8). Let b = -32 + h. Let v(s) = 3*s. Give v(b).
-6
Let j(s) = -3*s**3 - 17*s**2 - s + 12. Let d be j(-6). Let g(o) = d - 2*o - 49 + 3*o. Determine g(-11).
-6
Let a(r) = -r**2. Let z(x) = -3*x**2 - 14*x + 17. Let h be 5 - 0 - (-2 - 4)/(-1). Let c(v) = h*z(v) + 4*a(v). What is c(13)?
-4
Let z(i) = i - 84 + 90 - i**2 - 3*i. Let n(j) = 6*j - 26. Let g be n(5). Calculate z(g).
-18
Let z(i) = 3*i**3 - 3*i + 2. Let g = -4248 - -4250. What is z(g)?
20
Suppose -12*c + 32453 + 8455 = 0. Let b(d) = 1 + 2*d - c*d**2 + 2 + 3411*d**2. Let t = 9 + -11. Determine b(t).
7
Let n(w) = -1 - 3 + 2*w + 4 + 6. Suppose 10 - 25 = -3*o. Suppose -3 = -o*p + y - 37, -3*p = -y + 22. Calculate n(p).
-6
Let t = 0 - -3. Let k(h) = h - 2 - h**2 + t*h + h + 3*h. Let x be (1 + 0)*((-99)/11 - -16). Calculate k(x).
5
Let k(j) = -5*j + 1. Suppose -5*t - 203 = -1078. Let x = t + -176. Give k(x).
6
Let r be 90 + 0/3 - 2. Let c = r + -65. Let v(o) = -o**2 + 10*o + 14*o - 1 - c*o. Calculate v(-2).
-7
Suppose 5*j - 3*j + 10 = 0. Let l(a) = -1065 - 6*a + 367 - a**2 + 346 + 349. Give l(j).
2
Suppose 0 = 5*s - 6*g + 10*g + 7, 2*s = -3*g. Let j(o) be the first derivative of -3/2*o**2 - 2 + 0*o - 2/3*o**3 - 1/4*o**4. Calculate j(s).
18
Let l(q) = q**3 + 9*q**2 + 10*q. Let k(o) = -o**3 + 5*o**2 + 10*o + 1. Let z(r) = 2*r + 3. Let x be z(2). Let t be k(x). Let s = t - -19. Determine l(s).
-16
Let y be (-3)/(2/21 + (-871)/546). Let p(b) = b + 10*b**3 - 10*b**3 - 1 + 0*b**2 - 2*b**y + b**3. Give p(2).
1
Let f(j) = -16. Let a(l) = 3. Let u(o) = 22*a(o) + 4*f(o). Let k(w) = w**2 - 4*w + 12. Let z(p) = k(p) - 3*u(p). Calculate z(6).
18
Let c(x) = x**3 - 5*x**2 - 3*x - 8. Let g = -2949 + 2955. Determine c(g).
10
Let m(p) = -p**2 - 3*p - 2. Let n be (-6 - -1)*(176/(-20))/4. Suppose n*h + 5 = -50. Give m(h).
-12
Let t(y